{"id":106,"date":"2019-02-27T17:00:43","date_gmt":"2019-02-27T17:00:43","guid":{"rendered":"http:\/\/espectroglobal.es\/publico\/?page_id=106"},"modified":"2025-12-19T09:33:16","modified_gmt":"2025-12-19T08:33:16","slug":"homepage","status":"publish","type":"page","link":"https:\/\/espectroglobal.es\/publico\/","title":{"rendered":"Homepage"},"content":{"rendered":"\n<div class=\"wp-block-rea-hero-banner-rea-hero-banner-block rea-hero-banner-block front has-margin\"><div class=\"rea-hero-banner-block__image\" style=\"background-image: url(https:\/\/espectroglobal.es\/publico\/wp-content\/uploads\/2020\/02\/Flowers2-fs8-1.png)\"><img decoding=\"async\" class=\"hero-banner-background\" alt=\"\" src=\"https:\/\/espectroglobal.es\/publico\/wp-content\/uploads\/2020\/02\/Flowers2-fs8-1.png\"><\/div><div class=\"rea-hero-banner-block__content\"><div class=\"rea-hero-banner-block__content--wrapper\"><div class=\"text-wrapper\"><h1 class=\"hero-banner-title\">Bienvenido a <br>Espectro Global<\/h1><p class=\"hero-banner-text\">Un conjunto de recursos \u00fatiles para las personas con esquizofrenia.<\/p><a class=\"button__primary button-text\" href=\"https:\/\/espectroglobal.es\/publico\/aspectos-generales-de-la-esquizofrenia\/\">\u00bfQu\u00e9 es la esquizofrenia?<\/a><p class=\"hero-banner-signed-out-text js-hide-dc-signed-in\"><\/p><\/div><div class=\"image-wrapper\"><img decoding=\"async\" class=\"hero-banner-image js-rea-parallax\" alt=\"\" src=\"\"><\/div><\/div><\/div><\/div>\n\n\n\n<figure class=\"wp-block-image size-full text-lg-center text-xxl-center text-center text-sm-center text-md-center text-xl-center\"><a href=\"https:\/\/espectroglobal.es\/publico\/the-candid-book-new\/\"><img loading=\"lazy\" decoding=\"async\" width=\"1024\" height=\"333\" src=\"https:\/\/espectroglobal.es\/publico\/wp-content\/uploads\/2025\/03\/image-307-copy-1024x333-1.webp\" alt=\"\" class=\"wp-image-4637\" title=\"\" srcset=\"https:\/\/espectroglobal.es\/publico\/wp-content\/uploads\/2025\/03\/image-307-copy-1024x333-1.webp 1024w, https:\/\/espectroglobal.es\/publico\/wp-content\/uploads\/2025\/03\/image-307-copy-1024x333-1-300x98.webp 300w, https:\/\/espectroglobal.es\/publico\/wp-content\/uploads\/2025\/03\/image-307-copy-1024x333-1-768x250.webp 768w\" sizes=\"auto, (max-width: 1024px) 100vw, 1024px\" \/><\/a><\/figure>\n\n\n\n<div class=\"wp-block-rea-cta-rea-cta-block rea-cta-block front text-center\"><div class=\"rea-cta-block__content\"><h4 class=\"cta-title\"><\/h4><p class=\"cta-text\">The Candid Book para familias de personas que viven con esquizofrenia le ayudar\u00e1 a dar forma y cimentar su papel como cuidador y le ayudar\u00e1 a resolver dilemas y responder a sus preguntas a trav\u00e9s de conocimientos m\u00e9dicos, perspectivas pr\u00e1cticas, remedios eficientes y apoyo para cuidadores.<\/p><a class=\"button__primary button-text\" href=\"https:\/\/espectroglobal.es\/publico\/the-candid-book-new\/\">Lea el libro en l\u00ednea ahora<\/a><\/div><\/div>\n\n\n\n<div class=\"wp-block-rea-paragraph-rea-paragraph-block rea-paragraph-block front\"><div class=\"rea-paragraph-block__content\"><p class=\"content-text\">Las personas con esquizofrenia presentan diferentes tipos de s\u00edntomas que pueden afectar a su calidad de vida\u00b2. Estos s\u00edntomas suelen comenzar a una edad temprana, entre los 16 y los 30 a\u00f1os\u00b2. El m\u00e9dico evaluar\u00e1 los s\u00edntomas para realizar el diagn\u00f3stico.<br><br><br><\/p><\/div><\/div>\n\n\n\n<div class=\"wp-block-rea-illustration-rea-illustration-block rea-illustration-block front\"><img class=\"illustration-bg\" alt=\"\"><div class=\"rea-illustration-block__content\"><div class=\"rea-illustration-block__image image-wrapper\"><a href=\"https:\/\/espectroglobal.es\/publico\/wp-content\/uploads\/2021\/10\/K1_ES.jpg\" rel=\"noopener noreferrer\" target=\"_blank\" class=\"\"><img decoding=\"async\" class=\"illustration center\" alt=\"\" src=\"https:\/\/espectroglobal.es\/publico\/wp-content\/uploads\/2021\/10\/K1_ES.jpg\" style=\"max-width: 100%\"><img decoding=\"async\" class=\"rea-mobile illustration-mobile\" alt=\"\" src=\"https:\/\/espectroglobal.es\/publico\/wp-content\/uploads\/2021\/10\/K1_ES-1.jpg\"><\/a><\/div><p class=\"rea-site__caption caption-text align-center\">S\u00edntomas negativos durante toda la evoluci\u00f3n de la esquizofrenia Adaptado de Millan et al., 2014<\/p><\/div><\/div>\n\n\n\n<div class=\"wp-block-rea-cta-rea-cta-block rea-cta-block front\"><div class=\"rea-cta-block__content\"><h4 class=\"cta-title\"><\/h4><p class=\"cta-text\"><\/p><a class=\"button__primary button-text\" href=\"https:\/\/espectroglobal.es\/publico\/sintomas\/\">S\u00edntomas negativos: \u00bfcu\u00e1les son?<\/a><\/div><\/div>\n\n\n\n<div class=\"wp-block-rea-separator-rea-separator-block rea-separator-block front\"><div class=\"rea-separator-block__content\"><hr class=\"rea-separator-block__separator\"><\/div><\/div>\n\n\n\n<div class=\"wp-block-rea-cta-rea-cta-block rea-cta-block front\"><div class=\"rea-cta-block__content\"><h4 class=\"cta-title\">Tratamiento de la esquizofrenia<\/h4><p class=\"cta-text\">Despu\u00e9s del diagn\u00f3stico de esquizofrenia, el m\u00e9dico hablar\u00e1 con la persona diagnosticada sobre la posibilidad de empezar un plan de tratamiento. Una vez iniciado el tratamiento, se trabaja con el m\u00e9dico para alcanzar dos objetivos principales: reducir la frecuencia y la gravedad de los episodios psic\u00f3ticos agudos y mejorar la calidad de vida\u00b9.<\/p><a class=\"button__primary button-text\" href=\"https:\/\/espectroglobal.es\/publico\/tratamiento-y-remision\/\">\u00bfSe puede tratar la esquizofrenia?<\/a><\/div><\/div>\n\n\n\n<div class=\"wp-block-rea-separator-rea-separator-block rea-separator-block front\"><div class=\"rea-separator-block__content\"><hr class=\"rea-separator-block__separator\"><\/div><\/div>\n\n\n\n<div class=\"wp-block-rea-cta-rea-cta-block rea-cta-block front\"><div class=\"rea-cta-block__content\"><h4 class=\"cta-title\">Mitos y realidades sobre la esquizofrenia<\/h4><p class=\"cta-text\">Es posible que tenga algunas ideas preconcebidas sobre la esquizofrenia, pero \u00bfsabe diferenciar los mitos de las realidades? Conozca algunos mitos frecuentes sobre la esquizofrenia y las realidades que ocultan.<\/p><a class=\"button__primary button-text\" href=\"https:\/\/espectroglobal.es\/publico\/mitos-y-realidades\/\">\u00bfEs hereditaria la esquizofrenia?<\/a><\/div><\/div>\n\n\n\n<div class=\"wp-block-rea-separator-rea-separator-block rea-separator-block front\"><div class=\"rea-separator-block__content\"><hr class=\"rea-separator-block__separator\"><\/div><\/div>\n\n\n\n<div class=\"wp-block-rea-cta-rea-cta-block rea-cta-block front\"><div class=\"rea-cta-block__content\"><h4 class=\"cta-title\">Esquizofrenia y adicci\u00f3n<\/h4><p class=\"cta-text\">Las personas que consumen drogas presentan a veces s\u00edntomas muy parecidos a los s\u00edntomas de la esquizofrenia y, en algunos casos, el abuso de sustancias crea el marco id\u00f3neo para la aparici\u00f3n del trastorno.<\/p><a class=\"button__primary button-text\" href=\"https:\/\/espectroglobal.es\/publico\/esquizofrenia-y-adiccion\/\">Esquizofrenia y conductas adictivas<\/a><\/div><\/div>\n\n\n\n\n","protected":false},"excerpt":{"rendered":"","protected":false},"author":2,"featured_media":0,"parent":0,"menu_order":0,"comment_status":"closed","ping_status":"closed","template":"page-fullwidth.php","meta":{"_acf_changed":false,"rea_page_title_signed_in_meta_block_field":"","rea_page_title_signed_out_meta_block_field":"","rea_page_description_signed_in_meta_block_field":"","rea_page_description_signed_out_meta_block_field":"","rea_page_footer_id_meta_block_field":"","rea_page_footer_date_meta_block_field":"","footnotes":""},"class_list":["post-106","page","type-page","status-publish","hentry"],"acf":[],"_links":{"self":[{"href":"https:\/\/espectroglobal.es\/publico\/wp-json\/wp\/v2\/pages\/106","targetHints":{"allow":["GET"]}}],"collection":[{"href":"https:\/\/espectroglobal.es\/publico\/wp-json\/wp\/v2\/pages"}],"about":[{"href":"https:\/\/espectroglobal.es\/publico\/wp-json\/wp\/v2\/types\/page"}],"author":[{"embeddable":true,"href":"https:\/\/espectroglobal.es\/publico\/wp-json\/wp\/v2\/users\/2"}],"replies":[{"embeddable":true,"href":"https:\/\/espectroglobal.es\/publico\/wp-json\/wp\/v2\/comments?post=106"}],"version-history":[{"count":73,"href":"https:\/\/espectroglobal.es\/publico\/wp-json\/wp\/v2\/pages\/106\/revisions"}],"predecessor-version":[{"id":4924,"href":"https:\/\/espectroglobal.es\/publico\/wp-json\/wp\/v2\/pages\/106\/revisions\/4924"}],"wp:attachment":[{"href":"https:\/\/espectroglobal.es\/publico\/wp-json\/wp\/v2\/media?parent=106"}],"curies":[{"name":"wp","href":"https:\/\/api.w.org\/{rel}","templated":true}]}}